se 11
-161024
Convert -a405 (base 14) to base 6.
-334405
Convert -3c9c5 (base 14) to base 4.
-210221201
What is a13d01 (base 14) in base 6?
312155005
-1122212002102 (base 3) to base 12
-366b18
What is -23231231010 (base 4) in base 10?
-3070788
-529180 (base 13) to base 4
-13120011001
157993 (base 14) to base 11
473272
Convert 10756602 (base 9) to base 13.
111343a
Convert -2246a3 (base 13) to base 7.
-6611322
What is 761ac (base 14) in base 6?
10042444
What is 11431333 (base 6) in base 12?
155549
Convert -2230024 (base 5) to base 10.
-39389
What is 353795 (base 13) in base 15?
19ea55
-11220200022112 (base 3) to base 6
-131550152
What is 139091 (base 11) in base 8?
647735
What is -c620e7 (base 15) in base 7?
-143044636
What is 53c67 (base 13) in base 6?
3125233
-1001000001010000101 (base 2) to base 15
-5c88c
Convert -41233054 (base 7) to base 5.
-1341004311
-83693 (base 16) to base 15
-a973e
3b048 (base 16) to base 9
407535
Convert 44928 (base 12) to base 13.
32672
802621 (base 11) to base 8
4733053
What is -c5011a (base 13) in base 14?
-879bb3
What is 1277826 (base 10) in base 16?
137f82
Convert 2002312 (base 6) to base 2.
10110111010100100
Convert -20701067 (base 8) to base 7.
-52414452
Convert 4b5 (base 16) to base 11.
9a6
What is -739722 (base 13) in base 3?
-12002110112210
What is -a205 (base 12) in base 2?
-100010010100101
What is -b45ab (base 15) in base 14?
-10c48d
221200110002 (base 3) to base 13
149135
What is -20543 (base 10) in base 4?
-11000333
Convert 101001001100001001010010 (base 2) to base 12.
3748782
What is -34075756 (base 8) in base 11?
-4185569
-4053305 (base 6) to base 5
-22200430
-2d31b6 (base 14) to base 3
-2222110100111
Convert 857482 (base 9) to base 11.
319771
Convert 1110100011101010110 (base 2) to base 6.
14120222
Convert -1115331 (base 7) to base 13.
-4b1c5
What is -105892 (base 11) in base 3?
-22120111221
What is -23321003222 (base 4) in base 2?
-1011111001000011101010
13233311 (base 5) to base 8
404715
126790 (base 11) to base 10
199265
Convert 3675 (base 14) to base 16.
2527
Convert 2b438 (base 13) to base 10.
82012
310824 (base 10) to base 8
1137050
What is 10030321330 (base 4) in base 16?
10ce7c
1213333203 (base 4) to base 13
11bb5a
What is -40122 (base 7) in base 3?
-111021010
What is -6b820 (base 12) in base 4?
-203103120
Convert 24715 (base 16) to base 11.
a216a
What is -bba71 (base 13) in base 11?
-2125a0
-1cab0 (base 13) to base 6
-1114434
-433a (base 15) to base 6
-145514
What is -3ddbe5 (base 16) in base 10?
-4053989
292a21 (base 16) to base 12
aa1255
What is c7d2 (base 16) in base 4?
30133102
What is -12200320033 (base 4) in base 3?
-10012202022001
What is -101201300 (base 4) in base 14?
-1c240
Convert -48c6a7 (base 14) to base 9.
-4618521
What is -435a38 (base 15) in base 4?
-30033111221
Convert 1750608 (base 11) to base 2.
1011010101110010111001
What is -ca983 (base 14) in base 7?
-4111323
What is -150522 (base 6) in base 8?
-34162
Convert 149676 (base 10) to base 6.
3112540
What is -703009 (base 10) in base 12?
-29aa01
Convert 11dd (base 14) to base 15.
de0
-1153623 (base 10) to base 7
-12543222
-102132333 (base 6) to base 2
-110110011110101000001
Convert -3435405 (base 6) to base 8.
-530075
-2112281 (base 11) to base 4
-32030221033
-1303523 (base 8) to base 9
-612011
Convert 4544555 (base 6) to base 13.
81653
What is -4221131 (base 6) in base 3?
-101102021001
-537444 (base 13) to base 3
-10200111020010
-32311313023 (base 4) to base 11
-2218101
4677325 (base 8) to base 6
43215021
-1444da (base 14) to base 5
-140002230
Convert 102112200211002 (base 3) to base 8.
27316533
-22111011020 (base 3) to base 12
-80813
Convert -2407420 (base 8) to base 10.
-659216
594d0 (base 14) to base 2
110101001010001110
1111a65 (base 12) to base 14
60b873
2021114 (base 6) to base 2
10111011110100110
-369ca (base 13) to base 3
-12002221011
Convert 102022110111211 (base 3) to base 4.
112323320110
Convert 101101110110111011 (base 2) to base 15.
3a9c5
Convert -31010333 (base 5) to base 9.
-421825
3035 (base 8) to base 16
61d
-27242734 (base 9) to base 5
-11414314143
-3ad307 (base 14) to base 2
-111110000100011101011
Convert -224d01 (base 14) to base 11.
-727045
14070 (base 13) to base 16
9240
What is -11465305 (base 7) in base 9?
-1831547
Convert -21222232101 (base 4) to base 3.
-11202202101120
What is 48c332 (base 15) in base 12?
1200062
What is -13094226 (base 10) in base 8?
-61746522
Convert -543003 (base 6) to base 5.
-2412330
What is -153246 (base 8) in base 10?
-54950
-22113248 (base 9) to base 5
-10214244243
What is 1126563 (base 8) in base 9?
516447
11331244022 (base 5) to base 16
c8a6bf
What is 222300302 (base 4) in base 9?
286235
Convert 661737 (base 9) to base 10.
394990
4042431 (base 6) to base 15
3c01d
What is 840726 (base 11) in base 15?
1b9567
Convert 11010010110111101010 (base 2) to base 13.
2431a2
Convert -2023331221 (base 4) to base 13.
-170c32
What is 1224001 (base 6) in base 10?
65665
-1691903 (base 11) to base 12
-b660a3
273266 (base 11) to base 3
210210100001
51a97 (base 12) to base 8
320723
-2d2638 (base 14) to base 9
-2870702
-47c00 (base 15) to base 13
-801cc
Convert -2019163 (base 11) to base 13.
-97cbb2
What is 121010022001201 (base 3) in base 4?
200223302233
Convert -11133221303 (base 4) to base 16.
-15fa73
What is -595efa (base 16) in base 12?
-1b6558a
What is -367098 (base 10) in base 5?
-43221343
What is 1054316 (base 8) in base 16?
458ce
Convert -78759 (base 10) to base 9.
-130030
What is -101000001111101110 (base 2) in base 16?
-283ee
Convert 101022200230 (base 4) to base 12.
160ba64
Convert 64898 (base 12) to base 14.
36472
2311103112 (base 4) to base 6
23530010
What is 203101320 (base 4) in base 14?
3a93a
What is 40124352 (base 6) in base 10?
1131116
What is -43232553 (base 7) in base 4?
-32010213021
Convert 32332023210 (base 4) to base 15.
527d23
Convert 1535001 (base 11) to base 7.
31222021
What is -c0822 (base 13) in base 2?
-1010100000000110000
Convert 975c19 (base 14) to base 10.
5125423
What is -61d6d (base 15) in base 13?
-ab22c
Convert -1709503 (base 10) to base 4.
-12201112333
-75a82 (base 11) to base 2
-11010111101101010
Convert -24524243 (base 6) to base 10.
-788931
Convert 12000120020 (base 3) to base 15.
1e436
What is 47657 (base 8) in base 11?
14365
1923810 (base 11) to base 8
14325752
What is 9572 (base 16) in base 11?
26820
What is 128735 (base 10) in base 3?
20112120222
-214234411 (base 6) to base 10
-3846247
Convert 1102220222000 (base 3) to base 5.
144004102
What is -403103152 (base 6) in base 12?
-2371ab8
-1221444040 (base 5) to base 3
-12111102220201
691377 (base 10) to base 9
1263346
-11135715 (base 9) to base 14
-a06d84
-241993 (base 12) to base 11
-369636
Convert -4316363 (base 7) to base 4.
-2000111210
6aaaaaa (base 11) to base 4
233103210132
What is 3677571 (base 9) in base 16?
1e84f4
What is -2052a5 (base 12) in base 2?
-1111011101101011101
What is 145765 (base 13) in base 14?
cd5a4
-261a6 (base 11) to base 10
-37505
Convert 24233 (base 9) to base 15.
4c20
What is 110012020002011 (base 3) in base 6?
350520351
What is cc203 (base 15) in base 6?
21522033
Convert -1561256 (base 7) to base 6.
-4350352
Convert 12001001320 (base 4) to base 9.
2863311
72b9aa (base 14) to base 9
7253638
Convert -424145 (base 9) to base 3.
-110211011112
-161087 (base 9) to base 5
-11133343
-7150850 (base 9) to base 5
-1434001014
-30530143 (base 6) to base 11
-55315a
Convert -5910 (base 10) to base 13.
-28c8
2029a4 (base 11) to base 12
13877b
25308 (base 10) to base 7
133533
What is 545745 (base 8) in base 4?
230233211
Convert -3a176 (base 13) to base 6.
-2151343
Convert 1000101001111100011 (base 2) to base 14.
75507
What is 100111001010101001 (base 2) in base 3?
22011001200
What is 28838615 (base 9) in base 10?
14315873
Convert -421672 (base 8) to base 14.
-39158
What is -3634407 (base 9) in base 13?
-5404c6
-1254010 (base 6) to base 10
-69558
2115115 (base 9) to base 4
10110123020
What is -43042041 (base 5) in base 14?
-95d98
Convert -24340776 (base 8) to base 15.
-70c8a3
Convert -41611 (base 13) to base 11.
-80290
What is -2bc14 (base 14) in base 10?
-109386
What is 56a17 (base 13) in base 10?
157697
What is -1a9966 (base 16) in base 10?
-1743206
What is 100001011101111 (base 2) in b